8*a + 151. Calculate z(68).
-121
Let w(p) = p**3 + 119*p**2 + 1904*p - 3238. What is w(-21)?
-4
Let s(k) = -13*k**2 - 45404*k - 181632. What is s(-4)?
-224
Let q(b) = 2*b**2 + 386*b - 15003. Determine q(33).
-87
Let m(q) = -794*q**2 + 69890*q - 1593. Give m(88).
-9
Let k(j) = j**3 + 561*j**2 - 997*j - 559376. Give k(-561).
-59
Let l(j) = j**3 - 85*j**2 + 1295*j + 113. What is l(65)?
-212
Let g(p) = -5184*p**2 + 124419*p - 83. Determine g(24).
-11
Let n(z) = 2*z**3 - 188*z**2 - 42*z + 4211. Give n(94).
263
Let i(a) = 14*a**2 - 150*a + 32. Give i(7).
-332
Let h(n) = -4*n**3 + 385*n**2 - 7681*n - 193. Determine h(68).
11
Let s(f) = -327*f - 52515. Give s(-162).
459
Let q(v) = 81*v + 5132. Determine q(-47).
1325
Let y(d) = d**3 + 563*d**2 - 8644*d - 365. What is y(15)?
25
Let a(b) = -259*b + 3092. Give a(10).
502
Let x(c) = 7414*c - 66195. Determine x(9).
531
Let a(s) = 50*s**3 + 206*s**2 + 21*s - 4. What is a(-4)?
8
Let m(n) = -6*n**2 + 10282*n - 30793. Calculate m(3).
-1
Let z(p) = 7820*p + 54755. What is z(-7)?
15
Let b(a) = 3*a**2 - 172*a + 3625. Calculate b(38).
1421
Let k(h) = -2*h**2 - 1040*h + 314139. Determine k(214).
-13
Let h(x) = -19*x - 5506. Give h(-296).
118
Let j(b) = 2*b**2 - 60*b + 411. Calculate j(31).
473
Let s(x) = 308*x**2 + 2094*x - 6281. Determine s(3).
2773
Let s(g) = -g**3 + 98*g**2 + 1830*g + 70. Calculate s(-16).
-26
Let r(f) = -f**3 - 73*f**2 - 55*f + 959. Give r(-72).
-265
Let s(d) = 82209*d + 2795110. Determine s(-34).
4
Let q(o) = -o**3 + 3*o**2 + 594*o + 2346. Calculate q(-4).
82
Let g(c) = -c**3 - 255*c**2 - 208*c + 11927. What is g(-254)?
243
Let p(o) = 4*o**3 - 785*o**2 + 976*o - 132. Calculate p(195).
63
Let j(w) = 110*w + 2896. Calculate j(-37).
-1174
Let q(p) = 19*p**3 + 3296*p**2 + 1560*p + 511. Determine q(-173).
-8
Let g(t) = 26*t**3 + 9*t**2 + 8*t - 19. Determine g(-2).
-207
Let z(f) = f**3 - 36*f**2 - 3783*f + 128149. Determine z(33).
43
Let o(p) = -15*p**3 - 47*p**2 - 17*p + 3. Give o(-3).
36
Let t(q) = q**2 - 1508*q - 480061. What is t(-270)?
-1
Let l(k) = -36*k**3 + 48*k**2 - 48*k + 3. Calculate l(1).
-33
Let m(f) = 3710*f + 1829025. What is m(-493)?
-5
Let a(v) = 104*v - 1288. Give a(27).
1520
Let g(q) = -4059*q + 1302935. Calculate g(321).
-4
Let z(s) = -8*s**3 - 753*s**2 - 109*s + 48. Calculate z(-94).
1458
Let l(k) = k**3 - 287*k**2 + 3310*k - 2707. Calculate l(275).
43
Let u(f) = -3012*f - 17601. Determine u(-6).
471
Let p(h) = 496*h - 62586. Determine p(127).
406
Let y(q) = 5*q**2 + 2084*q + 44925. Calculate y(-394).
9
Let f(c) = 2*c**3 + 549*c**2 + 1378*c + 4901. What is f(-272)?
5
Let w(n) = -1451*n - 110201. Determine w(-76).
75
Let p(q) = -1576*q**2 - 128*q - 4. Give p(1).
-1708
Let x(j) = -j**3 - 331*j**2 - 9069*j - 11738. Calculate x(-301).
1
Let m(f) = -191*f**3 + 5577*f**2 - 1091*f - 336. What is m(29)?
-17
Let q(p) = p**3 - 2*p**2 - 21464*p + 85825. What is q(4)?
1
Let d(w) = 35*w - 1033. Determine d(15).
-508
Let h(j) = 4*j**3 + 19*j**2 + 1816*j + 9098. Calculate h(-5).
-7
Let t(z) = z**2 - 73*z + 332. Determine t(6).
-70
Let q(v) = v**3 + 240*v**2 + 715*v + 211. Give q(-237).
-737
Let o(m) = -9249*m - 758533. Give o(-82).
-115
Let q(t) = 21*t**2 + 3425*t + 325. Give q(-163).
-1
Let y(s) = 2*s**3 + 2*s**2 - 60*s + 158. Determine y(8).
830
Let d(h) = -6*h**2 + 14932*h - 573208. Calculate d(39).
14
Let l(o) = 234*o - 331. What is l(1)?
-97
Let a(t) = -7*t**2 + 34*t + 93. Calculate a(6).
45
Let u(g) = 1151*g - 2452. What is u(2)?
-150
Let h(a) = -3412*a - 27065. Calculate h(-8).
231
Let l(x) = -283*x**3 + 6226*x**2 + 12*x - 255. What is l(22)?
9
Let g(t) = -2200*t + 11168. Give g(5).
168
Let z(v) = 14958*v + 14908. Calculate z(-1).
-50
Let w(g) = g**3 + 209*g**2 - 30540*g - 14783. What is w(-308)?
1
Let u(k) = k**3 - 5*k**2 - 239*k + 38. Determine u(0).
38
Let p(z) = -7*z**2 - 251*z - 1899. Calculate p(-28).
-359
Let c(k) = 8534*k - 8443. Calculate c(1).
91
Let j(t) = -t**3 + 45*t**2 - 5*t + 8. Give j(45).
-217
Let t(i) = 2437*i**2 + 207145*i - 12. Calculate t(-85).
-12
Let v(d) = -85*d**2 - 594*d - 259. Determine v(-6).
245
Let v(o) = -10082*o + 231845. Calculate v(23).
-41
Let x(d) = d**3 - 10*d**2 - 15349*d - 18. Give x(129).
240
Let n(b) = b**3 + 20*b**2 + 191*b + 16515. Determine n(-31).
23
Let c(i) = -2*i**3 + 709*i**2 + 6556*i + 100. Give c(-9).
-17
Let t(r) = 1648050*r - 3296104. Determine t(2).
-4
Let s(x) = -56*x**2 + 108*x + 453. Calculate s(4).
-11
Let c(s) = s**3 - 128*s**2 - 3932*s + 16365. What is c(153)?
-6
Let n(s) = 4936*s - 33936. Determine n(7).
616
Let c(r) = 2977*r - 1699866. Determine c(571).
1
Let s(w) = 34*w**3 - 2*w**2 - 13*w + 35. Calculate s(-3).
-862
Let z(y) = -y**2 + 597*y + 6839. Calculate z(-11).
151
Let z(v) = 1346*v + 59315. What is z(-44)?
91
Let l(n) = n**2 - 116*n - 895. What is l(-13)?
782
Let u(g) = 4521*g - 76612. Determine u(17).
245
Let d(t) = -t**3 + 472*t**2 + 1471*t - 21853. Calculate d(475).
-3
Let c(g) = 548*g - 127167. What is c(232)?
-31
Let j(y) = -98*y**3 - 485*y**2 - 6*y - 25. Determine j(-5).
130
Let z(h) = h**3 + 4*h**2 - 880987*h - 1761986. Determine z(-2).
-4
Let p(q) = -138523*q - 554086. Give p(-4).
6
Let z(w) = -w**3 - 92*w**2 + 9137*w - 164. Give z(-152).
-2748
Let s(u) = 6*u**3 - 1590*u**2 - 8*u + 2158. Determine s(265).
38
Let s(n) = 1036*n**2 + 4133*n - 25. What is s(-4)?
19
Let l(t) = 2*t**2 - 15175*t + 242292. Calculate l(16).
4
Let r(l) = 60*l - 2908. Determine r(33).
-928
Let i(p) = 6*p**2 - 9320*p - 46715. Give i(-5).
35
Let b(j) = 263*j + 34710. What is b(-134)?
-532
Let y(m) = -5*m**2 + 429*m + 90358. Determine y(184).
14
Let h(w) = 10*w**2 - 13*w + 254. Give h(9).
947
Let a(l) = 2281*l - 203613. Give a(89).
-604
Let m(h) = -4*h**3 + 10*h**2 - 160*h + 382. Calculate m(3).
-116
Let y(c) = -3*c**3 - 1131*c**2 + 1164*c + 11346. Give y(-378).
6
Let m(x) = 7200*x - 23465. Calculate m(3).
-1865
Let m(b) = -2746*b - 189475. Determine m(-69).
-1
Let v(k) = -243288*k - 973211. Calculate v(-4).
-59
Let n(j) = -35745*j - 679124. Give n(-19).
31
Let f(g) = -13*g**2 - 907*g + 14275. Determine f(-83).
-1
Let t(h) = 2*h**2 + 498*h + 765. Determine t(-248).
269
Let w(i) = 2*i**2 - 4687*i + 9369. Give w(2).
3
Let v(w) = -2*w**2 + 342*w + 10756. Determine v(198).
64
Let c(g) = g**3 + 70*g**2 + 148*g + 810. What is c(-68)?
-6
Let y(b) = -b**2 + 66*b + 31490. Determine y(-141).
2303
Let u(l) = -14705*l - 352826. Determine u(-24).
94
Let r(d) = 18*d**2 - 531*d + 132. Determine r(28).
-624
Let x(d) = 2648*d - 22180. What is x(8)?
-996
Let x(c) = -32188*c - 1126548. Determine x(-35).
32
Let f(s) = -8065*s - 5451970. Calculate f(-676).
-30
Let r(p) = 27*p**3 - 12*p**2 - 343*p - 693. What is r(-2)?
-271
Let z(v) = -v**3 + 118*v**2 - 1428*v - 2979. Calculate z(104).
-67
Let b(s) = 14*s**3 + 494*s**2 + 76*s - 2753. Calculate b(-35).
-513
Let m(p) = p**3 - 179*p**2 - 1098*p - 446. Calculate m(185).
1774
Let i(q) = 21*q**2 + 650*q + 1753. What is i(-3)?
-8
Let w(d) = -6398*d - 6296. What is w(-1)?
102
Let y(c) = 30*c**2 - 627*c - 19. Give y(21).
44
Let z(c) = 1134*c + 43904. Determine z(-39).
-322
Let w(t) = -t**3 + 2*t**2 + 24*t + 52. Calculate w(8).
-140
Let a(s) = 2*s**3 - 43*s**2 + 128*s - 29. Calculate a(18).
7
Let v(z) = -181127*z - 905645. Calculate v(-5).
-10
Let v(x) = -3033*x**2 - 330600*x - 332. Calculate v(-109).
-5
Let b(k) = 47648*k + 952953. Determine b(-20).
-7
Let y(c) = -c**3 + 348*c**2 - 3083*c + 280. Give y(9).
-8
Let d(z) = -z**3 - 41*z**2 - 125*z + 559. Give d(0).
559
Let m(q) = -2*q**3 + 92*q**2 - 10*q + 126. What is m(46)?
-334
Let k(r) = 11337*r + 56635. Give k(-5).
-50
Let m(h) = -121*h - 4112. Give m(-26).
-966
Let j(b) = b**2 - 514*b + 62325. What is j(196)?
-3
Let p(i) = -110*i**2 - 2471*i + 1354. Determine p(-23).
-3
Let o(j) = j**3 - 10*j**2 - 21*j + 292. What is o(8)?
-4
Let p(b) = -642*b + 33408. Determine p(52).
24
Let h(a) = 6*a**3 - 97*a**2 + 28*a + 150. Calculate h(16).
342
Let p(l) = -2*l**2 - 87121*l + 697091. Determine p(8).
-5
Let r(k) = 5123*k - 56351. What is r(11)?
2
Let l(y) = -y**2 + 8*y + 307. What is l(19)?
98
Let d(t) = 8002*t - 8551. Determine d(1).
-549
Let g(v) = 23455*v + 117280. Give g(-5).
5
Let u(f) = 1535*f + 64701. Give u(-42).
231
Let u(m) = -46001*m - 3128054. What is u(-68)?
14
Let 